 -3b1d?
3b21
In base 7, what is 4412 - 2414?
1665
In base 6, what is 4313 - -430?
5143
In base 16, what is -31 - 18e6?
-1917
In base 5, what is -2432 - 22404?
-30341
In base 3, what is -2 - -1200201111?
1200201102
In base 15, what is 2 - 13c6ad?
-13c6ab
In base 3, what is 12222012020 - 2?
12222012011
In base 4, what is -301 + 3021?
2120
In base 13, what is 6 + -2b36?
-2b30
In base 7, what is -6001 - -56?
-5612
In base 14, what is -1662 + 370?
-12d2
In base 10, what is -18176 - 143?
-18319
In base 2, what is -11101 - -10011111100100111?
10011111100001010
In base 4, what is 3300201 - 1132?
3233003
In base 16, what is -9547c - -5?
-95477
In base 2, what is 10111010101 + -110000?
10110100101
In base 12, what is 22 - 1697?
-1675
In base 2, what is -1011100100110 - -101001000?
-1010111011110
In base 3, what is 1 - 1002022?
-1002021
In base 11, what is -1 - -20611a?
206119
In base 6, what is 31300 - -210?
31510
In base 4, what is 11230 - 322?
10302
In base 6, what is -222351 - 130?
-222521
In base 12, what is -1186a - 0?
-1186a
In base 5, what is 4 - -4002223?
4002232
In base 11, what is -6709 + -4?
-6712
In base 11, what is 0 - -7550?
7550
In base 16, what is -251fe + -3?
-25201
In base 11, what is 460 - -1031?
1491
In base 7, what is -3 + 13311?
13305
In base 8, what is -12050 + -3?
-12053
In base 9, what is 17 + -11681?
-11663
In base 12, what is 12a5 - 121?
1184
In base 13, what is -215 + 3961?
3749
In base 3, what is -10220 - 1111112?
-1122102
In base 2, what is 100010 - 10001110011100?
-10001101111010
In base 4, what is 1032023033 - -13?
1032023112
In base 6, what is -3 - -424555?
424552
In base 5, what is 1130 + 1334314?
1340444
In base 4, what is 2120 + 30211?
32331
In base 13, what is a307 + -5?
a302
In base 14, what is -6 - 298b?
-2993
In base 5, what is 2330334 - -1?
2330340
In base 16, what is -1bd5 - -10?
-1bc5
In base 3, what is -122200102 - 12021?
-122212200
In base 9, what is 8 - 3048?
-3040
In base 16, what is -5 + 22ade?
22ad9
In base 15, what is -342db2 + 5?
-342dac
In base 16, what is -6 + 267d?
2677
In base 9, what is -6 - -17782?
17775
In base 15, what is -296003 - -5?
-295eed
In base 5, what is 3223 - -23321?
32044
In base 16, what is -5ae + -2f5?
-8a3
In base 13, what is 3 - 1291c?
-12919
In base 6, what is 22423 - 1?
22422
In base 11, what is -7 - 547a2?
-547a9
In base 15, what is -962 + -2d5?
-c47
In base 10, what is -301 - 297?
-598
In base 4, what is 1 + 212331320?
212331321
In base 12, what is 385 + 281?
646
In base 9, what is 3 + -5036?
-5033
In base 7, what is -40416 + 56?
-40330
In base 7, what is -14 - -33036?
33022
In base 8, what is 3 - -55172?
55175
In base 8, what is 3 - -50477?
50502
In base 11, what is 426 + 27a?
6a5
In base 4, what is 10200 - 10?
10130
In base 9, what is -402 - -6047?
5545
In base 13, what is -6a4 + 23?
-681
In base 7, what is -66553 - -5?
-66545
In base 8, what is 52262 - -2?
52264
In base 9, what is 31676 - 8?
31667
In base 11, what is 179933 + 4?
179937
In base 15, what is -32100 + 3?
-320ec
In base 9, what is 828613 - 5?
828607
In base 8, what is -2 - 5336?
-5340
In base 2, what is 110001000011 - 11110110?
101101001101
In base 4, what is -21021120 + 3?
-21021111
In base 7, what is -63313 + 3?
-63310
In base 2, what is -10 - -11011000010101010000?
11011000010101001110
In base 5, what is -101204 - -210?
-100444
In base 15, what is -5 + -2d104?
-2d109
In base 8, what is -26762 + -20?
-27002
In base 13, what is 6 + -643bc?
-643b6
In base 4, what is -330 - 2132032?
-2133022
In base 3, what is 11 + 10210112110?
10210112121
In base 16, what is -841 + 58?
-7e9
In base 13, what is 5b2 + 30?
612
In base 11, what is 8 - 31614?
-31607
In base 3, what is -10 - -2211100?
2211020
In base 12, what is 4639 - -5?
4642
In base 14, what is 603b - -5?
6042
In base 14, what is -5 + a77?
a72
In base 5, what is 4 - 102121?
-102112
In base 3, what is 101 - 211200121?
-211200020
In base 14, what is -4 + -1593?
-1597
In base 6, what is 34 - 2411254?
-2411220
In base 3, what is -2 + -21222122121?
-21222122200
In base 12, what is 2324 - -27?
234b
In base 14, what is 91b4 + -2?
91b2
In base 7, what is -1220032 - 15?
-1220050
In base 7, what is -3550 + -41?
-3621
In base 13, what is 4 - 27b77?
-27b73
In base 9, what is -105074 + -4?
-105078
In base 4, what is -211320 - -322?
-210332
In base 15, what is 1dc + -b?
1d1
In base 8, what is 2250 - 236?
2012
In base 11, what is 57a4 + -2?
57a2
In base 14, what is -1 - -16642?
16641
In base 9, what is -28776 + -2?
-28778
In base 13, what is 2 - c315?
-c313
In base 14, what is 3 + 1d320?
1d323
In base 9, what is 761 - 13?
747
In base 11, what is 87 + a22?
aa9
In base 4, what is -10210223 + 312?
-10203311
In base 3, what is 20220221110 + -210?
20220220200
In base 5, what is -234422 + 3?
-234414
In base 4, what is 10222320 + 3?
10222323
In base 6, what is 13504 + 102?
14010
In base 15, what is -39886 - 4?
-3988a
In base 4, what is -2233321 + 3122?
-2230133
In base 16, what is -282 + 17?
-26b
In base 16, what is -129 - -5a?
-cf
In base 3, what is 212 - -212020?
220002
In base 5, what is -220334 + 40?
-220244
In base 12, what is -228 - 26?
-252
In base 8, what is 2571 - 0?
2571
In base 9, what is 3 - -3775?
3778
In base 2, what is -1000 - 1000010100111110?
-1000010101000110
In base 14, what is a0 - -723?
7c3
In base 16, what is -2 - 14559?
-1455b
In base 2, what is 100011000 + 101111000?
1010010000
In base 13, what is 576302 - -4?
576306
In base 16, what is 11c - -43a4?
44c0
In base 15, what is c7e + 4c?
ccb
In base 6, what is 153031 + -2?
153025
In base 8, what is 4 + -4242?
-4236
In base 15, what is -84be3 + -4?
-84be7
In base 7, what is -1201 - 23?
-1224
In base 4, what is -2 + 3130232?
3130230
In base 7, what is -361 + -401?
-1062
In base 9, what is -7 + 275614?
275606
In base 11, what is -29 + 35aa?
3581
In base 7, what is 11 + 2030410?
2030421
In base 16, what is 8c - -119?
1a5
In base 4, what is 3312 - -10300?
20212
In base 11, what is 4419a8 + -3?
4419a5
In base 10, what is -83 + -8?
-91
In base 13, what is 12 + 13321?
13333
In base 2, what is 100010000101100 - 110000?
100001111111100
In base 11, what is -6093 + -1a?
-6102
In base 15, what is 235cd - 0?
235cd
In base 6, what is 2 + -13351?
-13345
In base 3, what is -11001012 + 22?
-11000220
In base 4, what is 121110302 + -2?
121110300
In base 14, what is -88 - 373?
-41b
In base 15, what is -16d277 + -3?
-16d27a
In base 8, what is 67 - -2656?
2745
In base 10, what is -13 + 11777?
11764
In base 14, what is 5c522 - 3?
5c51d
In base 13, what is -72a - 41?
-76b
In base 9, what is 40 - -106484?
106534
In base 10, what is 39121 + 2?
39123
In base 13, what is 240a3 + -1?
240a2
In base 4, what is 1221 - 3000310?
-2333023
In base 13, what is 1001 + -33?
c9b
In base 12, what is a3 + 136a?
1451
In base 7, what is -1620050 + -5?
-1620055
In base 16, what is -7d + -1cd?
-24a
In base 14, what is -348 - 3a?
-384
In base 15, what is -1a641 - -6?
-1a63a
In base 11, what is -a9 + 2a74?
2976
In base 15, what is -48610 + b?
-48604
In base 9, what is -11 - -8340?
8328
In base 14, what is -1131 + -6?
-1137
In base 10, what is -3654978 - -4?
-3654974
In base 5, what is -3320223 + -330?
-3321103
In base 12, what is 472a - 26?
4704
In base 2, what is -1 + 1100000110?
1100000101
In base 16, what is 345a79 - 5?
345a74
In base 11, what is -653 + -82?
-725
In base 15, what is 11 - 28e?
-27d
In base 11, what is -2 - 1583a4?
-1583a6
In base 4, what is 221230102 + 10?
221230112
In base 6, what is 51520 - -1?
51521
In base 7, what is -21 + -34410?
-34431
In base 16, what is -1 + 44d94?
44d93
In base 3, what is 10111120000001 + 0?
10111120000001
In base 3, what is -100000 + -22020?
-122020
In base 13, what is -256 - -245?
-11
In base 5, what is -13 - -314221?
314203
In base 3, what is -110201 - -20222?
-12202
In base 7, what is -2431132 + -3?
-2431135
In base 16, what is -9a0 + 4?
-99c
In base 16, what is -1d - 100c?
-1029
In base 3, what is 1022102110 + 0?
1022102110
In base 13, what is -5a + 101b6?
10159
In base 2, what is 101 - 1001111101000001?
-1001111100111100
In base 9, what is 7 - -27?
35
In base 11, what is -8 + -7a5a?
-7a67
In base 13, what is 2 - 6716?
-6714
In base 5, what is 3103104 - -42?
3103201
In base 5, what is -1403043 - -24?
-1403014
I